083?
616913083
What are the prime factors of 280333287?
3, 13, 257, 9323
List the prime factors of 34347498.
2, 3, 53, 108011
List the prime factors of 6455230988.
2, 29, 55648543
List the prime factors of 155335926.
2, 3, 25889321
List the prime factors of 64724220.
2, 3, 5, 11, 97, 337
List the prime factors of 34451776.
2, 538309
What are the prime factors of 387324350?
2, 5, 7, 839, 1319
What are the prime factors of 34653180?
2, 3, 5, 23, 25111
List the prime factors of 115716738.
2, 3, 31, 622133
What are the prime factors of 152495660?
2, 5, 7624783
What are the prime factors of 70457781?
3, 23485927
List the prime factors of 925661903.
43, 21527021
List the prime factors of 83069847.
3, 7, 37, 1697
List the prime factors of 5373655539.
3, 7, 103, 2484353
What are the prime factors of 571188986?
2, 317, 900929
What are the prime factors of 85368784?
2, 5335549
What are the prime factors of 999481540?
2, 5, 31, 223, 7229
List the prime factors of 2418534831.
3, 163, 4945879
What are the prime factors of 79076953?
2917, 27109
List the prime factors of 50572354.
2, 7, 23, 157057
What are the prime factors of 40555127?
151, 491, 547
What are the prime factors of 51311862?
2, 3, 7, 283, 1439
List the prime factors of 83701716.
2, 3, 7, 151, 6599
What are the prime factors of 1109989632?
2, 3, 233, 6203
List the prime factors of 2263329403.
29363, 77081
What are the prime factors of 868464163?
7, 31, 43, 163, 571
List the prime factors of 210081360.
2, 3, 5, 875339
List the prime factors of 120447132.
2, 3, 13, 772097
What are the prime factors of 485155188?
2, 3, 7, 1925219
List the prime factors of 5190098.
2, 2595049
List the prime factors of 7906406.
2, 937, 4219
List the prime factors of 1408474951.
13, 108344227
What are the prime factors of 3093306144?
2, 3, 131, 223, 1103
List the prime factors of 231906269.
7, 37, 127913
List the prime factors of 1211478305.
5, 10289, 23549
What are the prime factors of 151115694?
2, 3, 29, 73, 11897
What are the prime factors of 84230041?
7, 12032863
What are the prime factors of 1131468633?
3, 125718737
List the prime factors of 39770347.
39770347
What are the prime factors of 36457937?
43, 167, 5077
List the prime factors of 540405412.
2, 135101353
What are the prime factors of 39906141?
3, 11, 1209277
List the prime factors of 949299695.
5, 53, 3582263
List the prime factors of 125126991.
3, 11, 421303
What are the prime factors of 135933652?
2, 1657, 20509
What are the prime factors of 271094614?
2, 7, 17, 61, 71, 263
What are the prime factors of 330836646?
2, 3, 7, 23, 342481
List the prime factors of 11712469.
43, 272383
What are the prime factors of 18664891?
7, 23, 115931
List the prime factors of 80424161.
17, 53, 89261
What are the prime factors of 899046789?
3, 299682263
What are the prime factors of 291865303?
14731, 19813
What are the prime factors of 341698323?
3, 59, 89, 109, 199
What are the prime factors of 305809259?
7, 43687037
What are the prime factors of 439985049?
3, 7, 79, 113, 2347
What are the prime factors of 799138599?
3, 7, 113, 48109
List the prime factors of 151030103.
7, 62903
List the prime factors of 996896435.
5, 1277, 156131
List the prime factors of 900660845.
5, 7, 37, 695491
What are the prime factors of 1162617168?
2, 3, 97, 249703
List the prime factors of 70565118.
2, 3, 13, 904681
What are the prime factors of 39557915?
5, 7911583
List the prime factors of 781938831.
3, 4049, 64373
List the prime factors of 2208995793.
3, 17, 37, 191, 227
List the prime factors of 671018610.
2, 3, 5, 22367287
What are the prime factors of 1500340264?
2, 59, 1721, 1847
List the prime factors of 29411999.
29411999
List the prime factors of 494423335.
5, 7, 223, 63347
What are the prime factors of 967776652?
2, 5237, 46199
What are the prime factors of 9423698613?
3, 7, 448747553
What are the prime factors of 101044438?
2, 11, 31, 13469
List the prime factors of 72243194.
2, 1187, 30431
List the prime factors of 3388294167.
3, 101, 2393, 4673
List the prime factors of 198500544.
2, 3, 11, 59
What are the prime factors of 410952367?
7, 157, 53419
List the prime factors of 6348683705.
5, 7, 13, 53, 263267
What are the prime factors of 755596536?
2, 3, 37, 850897
What are the prime factors of 342672777?
3, 38074753
List the prime factors of 259076582.
2, 129538291
What are the prime factors of 300378244?
2, 1523, 49307
List the prime factors of 1223513704.
2, 7, 23, 31, 30643
What are the prime factors of 8153369166?
2, 3, 1358894861
List the prime factors of 2611186999.
29, 1327, 67853
List the prime factors of 4935190170.
2, 3, 5, 164506339
List the prime factors of 1402043040.
2, 3, 5, 17, 1123
List the prime factors of 373120407.
3, 11, 71, 109, 487
List the prime factors of 16367092.
2, 7, 47, 12437
List the prime factors of 1246389612.
2, 3, 13, 17, 263, 1787
List the prime factors of 4672536721.
31, 4862161
What are the prime factors of 2026554089?
7, 5443, 53189
What are the prime factors of 65789813?
17, 3869989
What are the prime factors of 222987313?
222987313
List the prime factors of 489751387.
491, 569, 1753
List the prime factors of 2441730127.
2441730127
List the prime factors of 124010087.
17, 7294711
List the prime factors of 460138423.
79, 223, 26119
List the prime factors of 351595272.
2, 3, 7, 2092829
List the prime factors of 77496547.
53, 1462199
List the prime factors of 3042642.
2, 3, 179, 2833
What are the prime factors of 540394908?
2, 3, 47, 307, 3121
What are the prime factors of 331910052?
2, 3, 47, 588493
What are the prime factors of 53805122?
2, 7, 3843223
List the prime factors of 20875738.
2, 13, 802913
What are the prime factors of 27992609?
37, 59, 12823
What are the prime factors of 1519543484?
2, 23, 619, 26683
List the prime factors of 1747474754.
2, 873737377
List the prime factors of 375578947.
19, 1499, 13187
List the prime factors of 21154729.
41, 515969
List the prime factors of 43599869.
43599869
What are the prime factors of 16033182?
2, 3, 11, 242927
List the prime factors of 257260484.
2, 13, 211, 23447
What are the prime factors of 211342?
2, 251, 421
What are the prime factors of 3022064502?
2, 3, 10289, 48953
List the prime factors of 43259340.
2, 3, 5, 89, 8101
What are the prime factors of 5014035034?
2, 2507017517
List the prime factors of 144211522.
2, 7, 13, 792371
What are the prime factors of 2068988696?
2, 89, 569, 5107
List the prime factors of 739243876.
2, 7, 26401567
List the prime factors of 74671600.
2, 5, 186679
List the prime factors of 3866425799.
599, 6454801
List the prime factors of 329641367.
11, 29967397
List the prime factors of 1469637307.
71, 3251, 6367
What are the prime factors of 1150400429?
19, 401, 150991
What are the prime factors of 723572426?
2, 31, 47, 248309
List the prime factors of 118874176.
2, 439, 4231
What are the prime factors of 106877811?
3, 35625937
What are the prime factors of 182734777?
251, 728027
What are the prime factors of 127398810?
2, 3, 5, 7, 11, 131, 421
What are the prime factors of 139149493?
7, 19878499
What are the prime factors of 1331192757?
3, 1621, 273739
List the prime factors of 58392210.
2, 3, 5, 1946407
List the prime factors of 22464070.
2, 5, 367, 6121
List the prime factors of 190771591.
23, 1097, 7561
List the prime factors of 1011352558.
2, 19, 26614541
List the prime factors of 960286261.
11, 157, 556043
What are the prime factors of 70740229?
7, 10105747
List the prime factors of 3137169197.
40351, 77747
What are the prime factors of 3059498672?
2, 191218667
What are the prime factors of 323496934?
2, 161748467
List the prime factors of 2076928403.
11, 17, 239, 46471
What are the prime factors of 278374435?
5, 55674887
What are the prime factors of 220292070?
2, 3, 5, 743, 9883
List the prime factors of 14006933.
19, 737207
What are the prime factors of 689184823?
689184823
What are the prime factors of 240720070?
2, 5, 23, 769, 1361
What are the prime factors of 41254405?
5, 41, 53, 3797
List the prime factors of 174011885.
5, 131, 149, 1783
List the prime factors of 955315331.
955315331
List the prime factors of 833687227.
853, 977359
What are the prime factors of 300225537?
3, 33358393
What are the prime factors of 57134496?
2, 3, 461, 1291
List